62*x - 206, -x - 109 = -2*b. What is the remainder when 82 is divided by b?
29
Let l(r) = -r**2 - 9*r - 6. Let p be 4 + -2 + 2 - 10. Let i be p/(-8) - (-108)/(-16). What is the remainder when 21 is divided by l(i)?
9
Suppose -498 - 366 = -72*n. Calculate the remainder when 1439 is divided by n.
11
Let s(j) = j**2 + j - 4. Let g(q) = 11*q + 184. Calculate the remainder when g(-3) is divided by s(-7).
37
Suppose 3*y - 153 = -4*h, 4*h - 120 - 35 = -y. What is the remainder when h is divided by 5?
4
Let l(k) = k + 727 + 722 - 1444. Suppose -5*c - 6 = -2*c. Calculate the remainder when 6 is divided by l(c).
0
Let u(f) = f**3 + 0 + 22 - 4*f - 12 + 4*f**2. Let t be u(-5). Suppose -2*r - 2*d = -58, 2*d - t*d = -2*r + 53. What is the remainder when r is divided by 5?
3
Let s(m) = 5*m**2 + 2*m - 4. Let g(t) = -7*t - 32. Calculate the remainder when s(2) is divided by g(-6).
0
Suppose 108 = 37*y - 2926. Calculate the remainder when y is divided by 43.
39
Suppose -3*i - 2*d = 3*d - 60, 60 = 3*i - d. Calculate the remainder when 139 is divided by i.
19
Suppose -2*m - 2*m + 28 = 0. Let z(j) = j**3 - 6*j**2 + 2*j + 8. Let n be z(6). Suppose 3*b - 37 = n. What is the remainder when b is divided by m?
5
Suppose 73 = 3*u - 56. Suppose -u + 7 = -2*y. Calculate the remainder when y is divided by 4.
2
Suppose -24 = -5*w + w. Suppose -77 = -5*j + 2*v, 4*j - v = -w*v + 55. Let b(p) = 16*p**2 - 5*p - 2. What is the remainder when b(-2) is divided by j?
12
Let q = 7 + -26. Let f = 45 + q. What is the remainder when 101 is divided by f?
23
What is the remainder when 6/(-16) + (-165022)/(-208) is divided by 15?
13
Suppose b + 15 = 3*d, 3*b + 5*d + 2 = 13. What is the remainder when (b + 105/6)*2 is divided by 6?
5
Suppose 8 = -4*z + 2*z. Let l = z - -20. Calculate the remainder when 2/6 - (-688)/24 is divided by l.
13
Calculate the remainder when 96 is divided by ((-31)/93)/(4/(-144)).
0
Suppose -4*w + 138 = -3*w. Suppose 0 = -4*p + h + 197, 3*h - 7*h = -3*p + w. What is the remainder when p is divided by 19?
12
Let q = 8 - 1. Let j(l) = l - 7. Let i be j(q). Suppose 0 = -i*d + 3*d - 66. Calculate the remainder when d is divided by 8.
6
Suppose 25*o = 20*o + 10. Suppose -4*i = -2*g - 710, -2*i + 6*g - o*g = -358. Calculate the remainder when i is divided by 45.
42
Suppose 0*t - 3*i = -4*t + 281, 3*t = -4*i + 217. Let f = -90 + 54. What is the remainder when t is divided by 7/((-14)/f)*1?
17
Let u(n) = n**3 + 11*n**2 + 21. Calculate the remainder when 209 is divided by u(-11).
20
Let b = -975 - -992. Let w = -177 + 260. Let l = w + -50. What is the remainder when l is divided by b?
16
Let g(a) = -29*a + 190. Calculate the remainder when 347 is divided by g(6).
11
Suppose -6*f = -359 - 13. Suppose -w - 3*c + 26 = 0, w = 3*w + 4*c - f. Suppose -j - 8 = -w. Calculate the remainder when 63 is divided by j.
30
Let o = -503 + 588. What is the remainder when o is divided by (4 - 2)/(-1) + 24?
19
Let u be (2/(-4))/((-1)/2). Calculate the remainder when (-12)/(-1794)*13 + (-502)/(-46) is divided by u + -1*-2*3.
4
Suppose 0 = -4*z - 28 + 44. Calculate the remainder when z is divided by 1.
0
Let g = 2256 + -1586. What is the remainder when g is divided by 42?
40
Suppose 0 = -2*b - 2, -5*n + 2*b + 63 = 4*b. Suppose -10*o + 11*o - 89 = 0. Calculate the remainder when o is divided by n.
11
Suppose 3*n - f + 179 = 2648, -3*n + 2472 = -2*f. What is the remainder when n is divided by 55?
52
Suppose 676 = 13*c + 338. Calculate the remainder when 152 is divided by c.
22
Suppose 163*d - 158*d - 380 = 0. Suppose -5*o - d = -141. What is the remainder when 23 is divided by o?
10
Let z be 1 + -1 + 18/2. Let l = -475 - -582. Let i = l - z. Calculate the remainder when i is divided by 25.
23
Let f = 7 - 3. Suppose 4*w = -4*z + 144, -3*z - f*w + 114 = w. What is the remainder when z is divided by 17?
16
Let n(r) be the first derivative of r**3 - 13*r**2/2 + 4*r + 4. Calculate the remainder when n(6) is divided by 7.
6
Let c = 603 + -344. What is the remainder when c is divided by 27?
16
Let l(v) = -49*v**2 + 8*v + 4. Let w be l(5). Let a = -745 - w. What is the remainder when 16/(-56) - a/(-7) is divided by 21?
20
Suppose 0 = 2*q + 3*x - 63, -6 = -3*x + x. Suppose 5*l + 2*i = 15, 5*i - 2 + q = 0. Suppose w - l*w + 24 = 0. What is the remainder when w is divided by 4?
2
Suppose 0 = 4*p - p + d - 464, -2*d = 2. Calculate the remainder when p is divided by 39.
38
Calculate the remainder when 154 is divided by 54/(-621) + (-2442)/(-46).
48
Let w be 9 - -1 - (-5)/(-6 - -1). Let k = w - 4. Calculate the remainder when 12 - 1*(0 + -1) is divided by k.
3
Let d = 382 - 300. Calculate the remainder when 246 is divided by d.
0
Let o = -2609 + 2615. Calculate the remainder when o is divided by (2/(-6))/(4/(-60)).
1
Suppose -2*p + p - 21 = 0. Suppose -3*b + 164 = -130. Calculate the remainder when 22 is divided by (36/(-14))/(p/b).
10
Let v(a) be the first derivative of a**3 - a**2 - 3*a - 20. Calculate the remainder when 67 is divided by v(3).
13
Let s = -12 + 30. What is the remainder when 197 is divided by s?
17
Suppose -8 = -5*l + 7. Let w(q) = -q**3 + 35*q**2 - 97*q + 38. Calculate the remainder when (l/1)/((-3)/(-22)) is divided by w(32).
4
Let u(n) = 10*n - 1. Suppose 14*q - 12*q + 2 = 0, -2*j = -4*q - 106. Calculate the remainder when j is divided by u(1).
6
Suppose 3*z - 13 = -4*b, -4*z + 8 = -4*b - 0*z. What is the remainder when b/((-260)/(-86) + -3) is divided by 17?
9
Suppose 31*w - 5134 = -3*n, -3*n - 537 = -4*w + 139. Calculate the remainder when w is divided by (-206)/(-6) - (-2)/(-6).
30
Let w(p) = -3*p + 1. Let v(r) = 2*r + 7. Let n be v(-4). Suppose -5*k + s + 30 = 0, 5*k + 4 = -4*s + 34. What is the remainder when k is divided by w(n)?
2
Let r(s) be the third derivative of -s**5/60 - 2*s**4/3 + 9*s**3/2 + 11*s**2. What is the remainder when 34 is divided by r(-17)?
4
Let q(o) = o**3 - 3*o**2 - 3*o - 3. Let m = 14 - 21. Let t = m + 11. What is the remainder when 1 is divided by q(t)?
0
Suppose -2*x - 5 = -13. Suppose -148 = -x*v + 96. Let n(d) = d**3 + 5*d**2 + d + 4. Calculate the remainder when v is divided by n(-4).
13
Let y = -1 + -9. Let p(f) = -8*f + 9. Let t(m) = 10*m - 9. Let u(v) = -6*p(v) - 5*t(v). Calculate the remainder when 21 is divided by u(y).
10
Suppose -4*p + 104 = 3*f - 6*f, -p + 5*f + 43 = 0. Calculate the remainder when 1053 is divided by p.
18
Suppose -4*p = -2*p. Suppose -3*y + p = 9. Let d = 4 - y. What is the remainder when 11 is divided by d?
4
Let h(l) = -27*l + 7. Suppose -5*z + 90 = 5*m, -m - 5*z + 11 = -15. What is the remainder when h(-2) is divided by m?
13
Calculate the remainder when ((-3)/2)/(3/(-100)) is divided by 23.
4
Suppose 2*s = -5*j - 0*s - 115, 2*s + 23 = -j. Let n = j - -26. What is the remainder when 10 is divided by n?
1
Let b(l) = l**2 - 7*l + 5. Let f = 40 + -3. What is the remainder when f is divided by b(8)?
11
Calculate the remainder when (-2)/(-30) - (-44225)/375 is divided by 117.
1
Suppose 0 = 4*r - 9 - 11. Suppose 48 = r*w - 17. Let i = 433 - 410. What is the remainder when i is divided by w?
10
Let l(v) = 2*v**2 + v + 3. Let s be l(-2). Suppose 0 = 3*q - 4*q + s. What is the remainder when 17 is divided by 60/q + (-6)/9?
5
What is the remainder when (-940)/(-8) - (-11)/22 is divided by 64?
54
Let b(l) = 10*l**2 + 3*l + 4. What is the remainder when b(-5) is divided by 28?
15
Let n(o) = o**2 - 26*o - 87. What is the remainder when n(-7) is divided by 49?
46
Let p(i) = i**3 + 5*i**2 + 3*i. Let z be p(-4). Suppose 2*r = -z*v + 24, 4 - 8 = -4*v. What is the remainder when 109 is divided by r?
9
Let d = 16 - -14. Calculate the remainder when d is divided by 6 - 3 - 1*-5.
6
Suppose 1046 = 65*u + 396. What is the remainder when u is divided by 1?
0
Let u(i) = 2*i**3 - 11*i**2 + 10*i - 21. Let c(m) = -m**3 + 5*m**2 - 5*m + 10. Let y(r) = 5*c(r) + 3*u(r). What is the remainder when y(8) is divided by 14?
13
Calculate the remainder when 21144/(-30)*15/(-18)*3 is divided by 41.
40
Let p(g) = -2*g + 4. What is the remainder when 26*3*(-40)/(-120) is divided by p(-6)?
10
Suppose 4*m = h + 49, -2*m - 5*h + 2 + 17 = 0. Calculate the remainder when (-2 + (-10)/(-4))*80 is divided by m.
4
Suppose -3*l + 21 = 4*y, 4*y - 48 - 13 = 5*l. Calculate th